inder when 294 is divided by 71?
10
What is the remainder when 8757 is divided by 19?
17
Calculate the remainder when 688 is divided by 13.
12
Calculate the remainder when 242 is divided by 82.
78
Calculate the remainder when 188 is divided by 41.
24
Calculate the remainder when 764 is divided by 83.
17
Calculate the remainder when 131 is divided by 45.
41
Calculate the remainder when 740 is divided by 184.
4
What is the remainder when 76 is divided by 55?
21
Calculate the remainder when 1014 is divided by 148.
126
Calculate the remainder when 638 is divided by 108.
98
What is the remainder when 455 is divided by 292?
163
Calculate the remainder when 381 is divided by 44.
29
Calculate the remainder when 1373 is divided by 25.
23
Calculate the remainder when 87 is divided by 83.
4
What is the remainder when 552 is divided by 49?
13
What is the remainder when 733 is divided by 67?
63
Calculate the remainder when 82 is divided by 11.
5
Calculate the remainder when 295 is divided by 44.
31
Calculate the remainder when 643 is divided by 638.
5
Calculate the remainder when 251 is divided by 60.
11
What is the remainder when 403 is divided by 21?
4
Calculate the remainder when 253 is divided by 69.
46
What is the remainder when 210 is divided by 107?
103
What is the remainder when 320 is divided by 52?
8
What is the remainder when 40 is divided by 12?
4
What is the remainder when 73 is divided by 15?
13
Calculate the remainder when 58 is divided by 49.
9
Calculate the remainder when 93 is divided by 19.
17
Calculate the remainder when 241 is divided by 9.
7
What is the remainder when 117 is divided by 102?
15
What is the remainder when 1949 is divided by 178?
169
What is the remainder when 850 is divided by 95?
90
What is the remainder when 840 is divided by 30?
0
What is the remainder when 1195 is divided by 25?
20
Calculate the remainder when 250 is divided by 18.
16
Calculate the remainder when 90 is divided by 48.
42
What is the remainder when 598 is divided by 12?
10
Calculate the remainder when 1590 is divided by 101.
75
Calculate the remainder when 1735 is divided by 47.
43
Calculate the remainder when 893 is divided by 290.
23
What is the remainder when 965 is divided by 195?
185
What is the remainder when 131 is divided by 22?
21
What is the remainder when 50 is divided by 44?
6
Calculate the remainder when 49 is divided by 13.
10
What is the remainder when 171 is divided by 160?
11
What is the remainder when 1573 is divided by 63?
61
What is the remainder when 307 is divided by 28?
27
Calculate the remainder when 2724 is divided by 8.
4
Calculate the remainder when 91 is divided by 25.
16
What is the remainder when 155 is divided by 74?
7
Calculate the remainder when 477 is divided by 60.
57
What is the remainder when 299 is divided by 19?
14
What is the remainder when 357 is divided by 20?
17
What is the remainder when 29 is divided by 16?
13
Calculate the remainder when 2722 is divided by 119.
104
What is the remainder when 54 is divided by 21?
12
Calculate the remainder when 1753 is divided by 37.
14
Calculate the remainder when 1552 is divided by 510.
22
Calculate the remainder when 1190 is divided by 395.
5
What is the remainder when 2270 is divided by 565?
10
What is the remainder when 5302 is divided by 183?
178
What is the remainder when 184 is divided by 66?
52
What is the remainder when 67797 is divided by 8?
5
What is the remainder when 630 is divided by 73?
46
What is the remainder when 752 is divided by 192?
176
What is the remainder when 740 is divided by 242?
14
Calculate the remainder when 617 is divided by 61.
7
What is the remainder when 260 is divided by 24?
20
What is the remainder when 200 is divided by 29?
26
Calculate the remainder when 79 is divided by 33.
13
Calculate the remainder when 135 is divided by 11.
3
What is the remainder when 732 is divided by 49?
46
What is the remainder when 641 is divided by 111?
86
Calculate the remainder when 107 is divided by 22.
19
Calculate the remainder when 464 is divided by 76.
8
What is the remainder when 364 is divided by 43?
20
What is the remainder when 725 is divided by 24?
5
Calculate the remainder when 4945 is divided by 99.
94
What is the remainder when 4033 is divided by 407?
370
What is the remainder when 891 is divided by 28?
23
Calculate the remainder when 40 is divided by 11.
7
Calculate the remainder when 45987 is divided by 90.
87
Calculate the remainder when 280 is divided by 135.
10
Calculate the remainder when 6715 is divided by 13.
7
What is the remainder when 1113 is divided by 13?
8
What is the remainder when 8636 is divided by 14?
12
What is the remainder when 147 is divided by 81?
66
Calculate the remainder when 921 is divided by 33.
30
Calculate the remainder when 3162 is divided by 88.
82
Calculate the remainder when 77 is divided by 49.
28
Calculate the remainder when 5741 is divided by 58.
57
What is the remainder when 535 is divided by 145?
100
Calculate the remainder when 184 is divided by 180.
4
Calculate the remainder when 325 is divided by 67.
57
What is the remainder when 245 is divided by 34?
7
Calculate the remainder when 202 is divided by 51.
49
What is the remainder when 82 is divided by 29?
24
Calculate the remainder when 216 is divided by 31.
30
Calculate the remainder when 27 is divided by 16.
11
What is the remainder when 82 is divided by 52?
30
Calculate the remainder when 56 is divided by 45.
11
Calculate the remainder when 15 is divided by 4.
3
Calculate the remainder when 590 is divided by 35.
30
Calculate the remainder when 269 is divided by 102.
65
Calculate the remainder when 794 is divided by 185.
54
Calculate the remainder when 166 is divided by 7.
5
Calculate the remainder when 753 is divided by 107.
4
What is the remainder when 415 is divided by 38?
35
Calculate the remainder when 823 is divided by 358.
107
Calculate the remainder when 165 is divided by 12.
9
Calculate the remainder when 501 is divided by 36.
33
What is the remainder when 64 is divided by 51?
13
What is the remainder when 357 is divided by 344?
13
Calculate the remainder when 459 is divided by 88.
19
Calculate the remainder when 464 is divided by 127.
83
What is the remainder when 554 is divided by 111?
110
What is the remainder when 520 is divided by 22?
14
Calculate the remainder when 6573 is divided by 22.
17
Calculate the remainder when 41893 is divided by 171.
169
Calculate the remainder when 85 is divided by 22.
19
Calculate the remainder when 1182 is divided by 164.
34
Calculate the remainder when 1180 is divided by 139.
68
What is the remainder when 218 is divided by 56?
50
What is the remainder when 1826 is divided by 606?
8
Calculate the remainder when 803 is divided by 67.
66
What is the remainder when 6431 is divided by 16?
15
Calculate the remainder when 437 is divided by 50.
37
Calculate the remainder when 130 is divided by 17.
11
Calculate the remainder when 261 is divided by 54.
45
Calculate the remainder when 4929 is divided by 9.
6
What is the remainder when 358 is divided by 18?
16
Calculate the remainder when 370 is divided by 48.
34
What is the remainder when 5129 is divided by 114?
113
What is the remainder when 927 is divided by 16?
15
What is the remainder when 98 is divided by 50?
48
What is the remainder when 221 is divided by 45?
41
Calculate the remainder when 2287 is divided by 76.
7
What is the remainder when 6092 is divided by 3042?
8
What is the remainder when 74 is divided by 64?
10
What is the remainder when 737 is divided by 190?
167
Calculate the remainder when 150 is divided by 11.
7
Calculate the remainder when 99 is divided by 43.
13
Calculate the remainder when 1509 is divided by 169.
157
Calculate the remainder when 2997 is divided by 12.
9
What is the remainder when 215 is divided by 41?
10
What is the remainder when 933 is divided by 461?
11
Calculate the remainder when 795 is divided by 38.
35
Calculate the remainder when 770 is divided by 103.
49
Calculate the remainder when 312 is divided by 56.
32
What is the remainder when 203 is divided by 87?
29
What is the remainder when 2949 is divided by 981?
6
Calculate the remainder when 1966 is divided by 42.
34
Calculate the remainder when 376 is divided by 9.
7
Cal